4. Give l(-10).
-106
Let v(k) = 2*k**2 + 40*k + 30. Determine v(-19).
-8
Let c(t) = -2*t**3 + 24*t**2 - 3*t + 37. What is c(12)?
1
Let i(u) = -u - 11. What is i(-10)?
-1
Let g(a) = 3*a**2 + 3*a - 12. Calculate g(-4).
24
Let m(o) = -o**2 + 3*o + 13. Determine m(-7).
-57
Let s(c) = 5*c**2 + 5*c + 5. Give s(-1).
5
Let a(y) = y - 2. What is a(-6)?
-8
Let r(g) = -3*g**2 - 25*g + 22. Calculate r(-9).
4
Let m(q) = 23*q + 67. Give m(-3).
-2
Let v(h) = h**2 - 16*h + 18. What is v(15)?
3
Let v(q) = -q**2 - 6*q + 29. Calculate v(3).
2
Let n(k) = -7*k + 1. Calculate n(1).
-6
Let s(z) = 10*z**2 + 96*z + 96. Calculate s(-1).
10
Let s(d) = d**2 + 17*d - 3. Calculate s(-18).
15
Let u(t) = 4*t + 7. Determine u(7).
35
Let d(n) = 3*n**2 - 36*n - 39. Calculate d(14).
45
Let d(l) = l**2 + 8*l + 3. Give d(-8).
3
Let h(p) = 4*p**2 - 28*p - 3. Calculate h(7).
-3
Let y(g) = -3*g - 3. Give y(2).
-9
Let a(b) = -3*b - 15. Determine a(-5).
0
Let l(t) = t**3 - 14*t**2 + 14*t - 21. Calculate l(13).
-8
Let y(l) = 2*l**3 - 27*l**2 + 14*l - 12. Determine y(13).
1
Let j(p) = -p**2 + 2*p - 2. Determine j(0).
-2
Let s(d) = -d**2 + 8*d - 11. Calculate s(8).
-11
Let i(p) = -3*p**2 - 3*p + 2. Calculate i(-2).
-4
Let s(g) = -31*g - 300. Give s(-9).
-21
Let f(d) = -d**3 - 4*d**2 + 5*d - 4. Give f(-5).
-4
Let k(f) = -11*f**2 + 52*f + 10. Give k(5).
-5
Let q(o) = -o**3 - 5*o**2 - 3*o - 56. What is q(-6)?
-2
Let y(k) = k**3 + 12*k**2 + 19*k - 8. Determine y(-10).
2
Let f(m) = -m**3 + 15*m**2 + 124*m + 37. What is f(21)?
-5
Let z(m) = -m - 5. Calculate z(-1).
-4
Let d(k) = -8*k - 136. Determine d(-15).
-16
Let s(g) = g**3 - 13*g**2 - 30*g + 2. Determine s(15).
2
Let d(n) = -2*n**2 - 50*n - 135. What is d(-3)?
-3
Let z(k) = 2*k - 23. What is z(11)?
-1
Let y(u) = 8*u - 5. What is y(3)?
19
Let j(s) = -s**3 - 11*s**2 - 12*s - 13. What is j(-10)?
7
Let r(z) = -z + 2. What is r(-5)?
7
Let d(s) = -38*s - 6. What is d(-1)?
32
Let g(a) = a**2 + 8*a - 1. Give g(-9).
8
Let t(y) = -y**2 + 3*y - 5. Calculate t(10).
-75
Let d(w) = 17*w**3 + 137*w**2 + 9*w + 7. What is d(-8)?
-1
Let i(h) = h**3 - 8*h**2 + 6*h - 5. What is i(7)?
-12
Let m(a) = -2*a**2 + 15*a - 12. What is m(8)?
-20
Let u(a) = -a**2 + 14*a - 45. Determine u(4).
-5
Let y(s) = 21*s**3 - 2*s**2 + 1. Determine y(1).
20
Let h(q) = q**3 - 6*q**2 + 2*q - 9. Calculate h(6).
3
Let m(z) = 15*z - 81. Give m(5).
-6
Let g(d) = 22*d + 26. Determine g(-4).
-62
Let u(p) = 2*p**3 - 12*p**2 - 13*p + 7. Calculate u(7).
14
Let x(a) = -a**3 - 3*a**2 - 4*a + 5. What is x(-3)?
17
Let t(f) = 5*f - 2. Determine t(1).
3
Let a(k) = -26*k - 144. Give a(-6).
12
Let g(y) = -y**2 - 3*y + 16. Determine g(6).
-38
Let b(c) = -7*c**2 - c + 1. Give b(1).
-7
Let y(t) = 21*t - 128. What is y(6)?
-2
Let k(j) = -j**2 - 5*j + 6. What is k(4)?
-30
Let b(s) = -s**3 + 4*s**2 - s - 4. Determine b(0).
-4
Let g(w) = 2*w**2 - 17*w + 1. Give g(8).
-7
Let w(f) = -39*f - 1. Calculate w(-1).
38
Let v(a) = -a**3 + 8*a**2 - 12*a + 35. What is v(7)?
0
Let y(d) = 7*d - 39. Give y(4).
-11
Let r(z) = -z**3 - 28*z**2 + 38*z + 254. Calculate r(-29).
-7
Let k(d) = d**3 - 18*d**2 - 19*d + 8. Determine k(19).
8
Let y(b) = b**3 + 8*b**2 + 4*b + 5. What is y(-5)?
60
Let t(o) = -o**3 + 7*o**2 - 7*o + 13. Determine t(6).
7
Let t(l) = l**3 + 2*l**2 + 3*l + 3. What is t(-3)?
-15
Let t(y) = -6*y**3 + 3*y**2 + y - 1. Calculate t(-1).
7
Let q(u) = u**2 - 8*u - 151. Determine q(17).
2
Let t(m) = 26*m - 28. Give t(1).
-2
Let i(m) = -4*m + 3. Calculate i(-7).
31
Let q(c) = c. What is q(0)?
0
Let p(y) = 16*y**2 - 1. Determine p(-2).
63
Let w(o) = 2*o**2 - 8*o + 4. Give w(-3).
46
Let f(u) = -u**3 - 14*u**2 + u + 13. Give f(-14).
-1
Let s(p) = -2*p - 17. What is s(-13)?
9
Let f(l) = -l**3 + 20*l**2 + 12*l - 62. Calculate f(20).
178
Let g(x) = x**3 + 5*x**2 - 5*x - 15. What is g(-6)?
-21
Let t(z) = 17*z - 258. Give t(15).
-3
Let k(d) = -24*d + 73. Give k(3).
1
Let i(a) = a**3 - 7*a**2 + 3*a - 3. What is i(5)?
-38
Let i(u) = -8*u - 152. Calculate i(-20).
8
Let g(c) = -2*c - 12. What is g(-7)?
2
Let k(f) = -f**3 - 6*f**2 - 5*f + 4. Determine k(-4).
-8
Let k(o) = 3*o - 129. Determine k(45).
6
Let y(l) = -l**2 + 7*l - 6. What is y(-7)?
-104
Let b(i) = -i**2 + 11*i. What is b(13)?
-26
Let p(d) = -12*d**2 + 17*d + 18. Give p(-1).
-11
Let o(i) = 3*i - 1. What is o(-2)?
-7
Let q(b) = -3*b**3 + 6*b**2 - 6*b + 6. What is q(2)?
-6
Let a(h) = h**3 - h**2 + 2. Calculate a(2).
6
Let m(k) = -2*k**2 - 16*k - 21. Determine m(-6).
3
Let u(a) = -a**3 + 8*a**2 - 4*a - 14. Give u(7).
7
Let d(p) = 2*p**2 + 2*p. Give d(-2).
4
Let w(o) = o**2 + 14*o + 23. What is w(-15)?
38
Let m(p) = 3*p**3 + 5*p**2 + 3*p + 2. What is m(-3)?
-43
Let h(n) = 2*n**2 - 6*n - 3. Give h(-6).
105
Let m(n) = -7*n**2. What is m(2)?
-28
Let d(h) = h**3 - 7*h**2 + 3*h - 2. Give d(7).
19
Let p(u) = -u**3 - 20*u**2 - 68*u - 45. What is p(-16)?
19
Let d(g) = 7*g**2 - 23*g + 8. What is d(3)?
2
Let z(c) = -c**3 + 20*c**2 + 20*c + 6. Give z(21).
-15
Let o(z) = 2*z + 35. What is o(-20)?
-5
Let x(m) = -m**3 + m**2. Determine x(4).
-48
Let k(x) = -x**3 + x**2 + 3*x + 5. Calculate k(0).
5
Let w(i) = 6*i + 1. What is w(-5)?
-29
Let t(s) = s**3 + 10*s**2 - 10*s + 7. What is t(-11)?
-4
Let u(h) = -h**3 + 6*h**2 + 8*h. Give u(7).
7
Let m(z) = -z**3 + 5*z**2 - 7*z + 4. What is m(3)?
1
Let i(w) = -w**2 + 3*w - 5. Give i(0).
-5
Let s(a) = -a**2 + 20. Determine s(-4).
4
Let a(q) = q**3 + 19*q**2 + 18*q + 15. What is a(-18)?
15
Let y(b) = 7*b**3 + b**2 + b. Calculate y(-1).
-7
Let c(k) = k**3 + k**2. Determine c(-1).
0
Let o(p) = 2*p**2 + 10*p + 7. What is o(-4)?
-1
Let t(w) = 3*w**3 + 3*w**2 + 3*w - 6. Calculate t(1).
3
Let b(x) = -x + 35. Determine b(30).
5
Let k(p) = -p**3 - 13*p**2 - 6*p - 31. Give k(-13).
47
Let k(t) = t**2 - 13*t + 4. What is k(6)?
-38
Let z(r) = -5*r**3 + 24*r**2 - 2*r + 3. Calculate z(5).
-32
Let p(n) = n**3 - 5*n**2 - n - 2. What is p(5)?
-7
Let q(l) = l**3 + 3*l**2 + 4*l + 3. Calculate q(-3).
-9
Let d(k) = -2*k**2 + 2*k + 5. What is d(-7)?
-107
Let j(o) = -o**2 - 11*o + 23. What is j(-13)?
-3
Let j(v) = -v**3 - 3*v**2 + v + 1. Calculate j(-3).
-2
Let v(g) = -g**3 - 4*g**2 - 3*g - 8. Give v(4).
-148
Let p(k) = -k**2 - 18*k - 73. Calculate p(-13).
-8
Let u(n) = -n**2 + 7*n. What is u(2)?
10
Let y(d) = -d**3 + 10*d**2 + 12*d - 21. Calculate y(11).
-10
Let z(p) = p**3 + 3*p**2 + 4*p + 13. Give z(-3).
1
Let t(h) = -h**3 - 17*h**2 - 5*h - 45. Determine t(-17).
40
Let f(j) = j**2 - j - 8. Calculate f(-2).
-2
Let n(o) = 3*o - 2. What is n(-4)?
-14
Let p(l) = 73*l + 65. Determine p(-1).
-8
Let m(c) = 22*c - 2. Determine m(-1).
-24
Let b(o) = -3*o + 6. What is b(-3)?
15
Let f(a) = a**3 + 6*a**2 + 7*a + 6. Calculate f(-5).
-4
Let q(o) = -22*o - 183. Give q(-8).
-7
Let s(k) = -5*k**3 - 32*k**2 - 6*k + 34. What is s(-6)?
-2
Let x(i) = 6*i - 4. Calculate x(-6).
-40
Let a(m) = -5*m + 34. What is a(15)?
-41
Let w(r) = 2*r + 6. Give w(-6).
-6
Let j(q) = 2*q**3 - 2*q**2 - q - 3. What is j(3)?
30
Let z(u) = -10*u - 195. Give z(-20).
5
Let t(d) = -6*d - 6. Give t(-14).
78
Let n(u) = u**2 + 2*u. Determine n(-7).
35
Let r(k) = -k**3 - 5*k**2 + 4*k + 19. Give r(-4).
-13
Let g(k) = -19*k + 144. Give g(7).
11
Let x(o) = 14*o**2 - 117*o + 41. Determine x(8).
1
Let s(k) = -14*k + 2. Calculate s(-1).
16
Let g(a) = a**3 + 10*a**2 + 2*a + 12. Give g(-9).
75
Let w(h) = -h**2 + 5*h + 4. Calculate w(4).
8
Let m(n) = -n**3 + 8*n**2 - 14*n + 25. Give m(8).
-87
Let l(z) = 16*z + 35. What is l(-2)?
3
Let t(l) = -l**3 + 8*l**2 - 6*l - 15. Determine t(7).
-8
Let k(i) = -8*i**3 - 32*i**2 - 3. Give k(-4).
-3
Let h(p) = -8*p - 1. Give h(1).
-9
Let g(m) = m + 16. Give g(-13).
3
Let h(j) = j**3 + 8*j**2 + 12*j - 5. Give h(-6).
-5
Let i(t) = -4*t**2 - 3*t + 4. Determine i(-3).
-23
Let o(s) = s**2 - 232. Determine o(15).
-7
Let t(s) = -s + 33. Determine t(15).
18
Let t(h) = 12*h + 105. Give t(-13).
-51
Let f(y) = -y - 24. Give f(-13).
-11
Let n(z) = 6*z + 7. Give n(0).
7
Let i(j) = 4*j - 21. What is i(18)?
51
Let k(v) = -v**3 + 2*v**2 - 2*v - 10. Determine k(0).
-10
Let q(j) = -2*j**2 - 14*j + 6. Calculate q(-7).
6
Let l(k) = -4*k**3 + k**2 + k + 1. Give l(-1).
5
Let s(w) = -w**2 + 60*w - 232. Give s(4).
-8
Let m(c) = -11*c - 28. Calculate m(-13).
115
Let p(r) = -r**3 - 2*r**2 + 19*r + 2. Calculate